{"id":2320,"date":"2011-05-30T10:39:15","date_gmt":"2011-05-30T08:39:15","guid":{"rendered":"http:\/\/www.pudelzucht-jakob.de\/pudelzucht\/?page_id=2320"},"modified":"2012-12-16T18:31:56","modified_gmt":"2012-12-16T17:31:56","slug":"turniere-2011","status":"publish","type":"page","link":"http:\/\/www.pudelzucht-jakob.de\/pudelzucht\/hundesport\/turniere-2011\/","title":{"rendered":"Turniere 2011"},"content":{"rendered":"<p><strong>Kreisausscheidung der KG 6 bei den Raindogs Regen <\/strong><\/p>\n<p><em>Richter: Udo Nienkemper<\/em><\/p>\n<p>nach einer l\u00e4ngeren Turnierpause habe ich mich, mit gemischen Gef\u00fchlen, entschlossen mit Marlon auf der Kreisausscheidung in Regen zu starten. Gerlinde, die bei uns im Garten mittrainiert und in Regen ihren ersten Start hatte, hat uns gegen halb 7 Uhr abgeholt. So fuhren wir, Gerlinde total\u00a0nerv\u00f6s und ich mit einem nicht guten Gef\u00fchl im Magen, gegen Regen. Dank unsere Freunde aus Bruckm\u00fchl hatten wir einen sch\u00f6nen Platz am Parcoure, so das wir alles bestens verfolgen konnten.<\/p>\n<p>Udo Nienkemper stellte sehr sch\u00f6ne und leistungsgerechte Parcoure. Den A-Lauf\u00a0haben Marlon und ich mit 0 Fehlern und 0,06 Sek. Zeitfehlern gewonnen. Am Start war Marlon noch etwas unsicher, was sich aber\u00a0nach der 3. H\u00fcrde legte und er wurde immer sicherer.<\/p>\n<p>Nach den A-L\u00e4ufen meinte der Wettergott es gar nicht gut mit\u00a0uns L\u00e4ufern, es sch\u00fcttete wie aus Eimern.\u00a0 Schnell hat sich der Platz zu einer Wasserlandschaft verwandelt.\u00a0 Zum Gl\u00fcck hat es vor unserem Lauf im Jumping zum regnen aufgeh\u00f6rt (Marlon ha\u00dft es\u00a0bei Regen zu laufen). Leider kam dieser Parcour Marlon nicht so ganz entgegen, so das er\u00a0nicht richtig Tempo aufnahm. Mit 0 Parcourfehlern aber mit 3,19 Zeitfehlern belegten wir den 2. Platz. Am Ende reichten die Ergebnisse zum Kreismeister in A2 midi der KG6!!!!<\/p>\n<p>Stolz und zufrieden konnte auch Gerlinde sein. Sie wurde in ihrer Klasse ebenfalls Kreismeister!!!<\/p>\n<p>&#8212;&#8212;&#8212;&#8212;&#8212;&#8212;&#8212;&#8212;&#8212;&#8212;&#8212;&#8212;&#8212;&#8212;&#8212;&#8212;&#8212;&#8212;&#8212;&#8212;&#8212;&#8212;&#8212;&#8212;&#8212;&#8212;&#8212;&#8212;-<\/p>\n<p><strong>Turnier im Wald am 23.\/24. 07. 2011<\/strong><\/p>\n<p>Erstes Turnier nach Lillyfee`s Mutterschaftsurlaub.<\/p>\n<p>Nach 10 Monaten Turnierpause wagten sich Lillyfee und Peter wieder auf den Parcour. Man merkte Peter noch die Unsicherheit an. So reichte es an diesem Wochenende zu einem 4. Platz und 3 mal Disq.<\/p>\n<p>Marlon startete am Samstag und erreichte im A2 den 2. Platz, der Jumping endete\u00a0mit einer\u00a0Disq.<\/p>\n<p>&#8212;&#8212;&#8212;&#8212;&#8212;&#8212;&#8212;&#8212;&#8212;&#8212;&#8212;&#8212;&#8212;&#8212;&#8212;&#8212;&#8212;&#8212;&#8212;&#8212;&#8212;&#8212;&#8212;&#8212;&#8212;&#8212;&#8212;&#8212;<\/p>\n<p><strong>Zwei Wochenendturniere in Wangen 30.\/31.07 &#8211; 6.\/7. 08. 2011<\/strong><\/p>\n<p><em>Richter erstes WE: Herbert Schiffers<\/em><\/p>\n<p><em>Richter zweites WE: Tom Eberling und Sina Just<\/em><\/p>\n<p>Wir reisten am Donnerstag den 28.07.2011 nach Wangen. Es war auch schon ein sch\u00f6ner Platz f\u00fcr unseren Wohnwagen reserviert. Gerlinde und Gerhard kamen am Freitag nach.<\/p>\n<p>Das erste Wochenende richtete\u00a0Herbert Schiffers, er stellte sehr sch\u00f6ne Parcoure, die f\u00fcr den Hund rund zu laufen, aber f\u00fchrtechnisch doch anspruchsvoll waren.<\/p>\n<p>Da Beat Habermacher, der Besitzer von Marlon`s Halbruder King und seineszeichens Fotograf, auch am ersten Wochenende startete\u00a0und &#8222;so ganz nebenbei&#8220;\u00a0\u00a0noch flei\u00dfig fotografierte, haben wir diesesmal wundersch\u00f6ne Fotos unserer Hunde mit nach Hause genommen (<a href=\"http:\/\/www.habermacher.com\">www.habermacher.com<\/a>). Vielen lieben Dank daf\u00fcr!!!!!!!!!<\/p>\n<p>W\u00e4hrend der Woche haben wir die herzliche Gastfreundlichkeit unserer Freunde aus Wangen genossen.<\/p>\n<p>Das zweite Wochenende richtete am Samstag, bei herrlichem Sonnenschein, Tom Eberling. Sonntag bei heftigen Regen richtete Sina Just. Beide Richter stellten sch\u00f6ne und f\u00fchrtechnisch anspruchsvolle Parcoure, wobei Sina es nicht leicht gehabt hatte, da sie ihre Parcoure total wegen der Platzverh\u00e4ltnisse umstellen musste!!!!!!!!!!!!!!!!!!<\/p>\n<p>Ganz besonders hat mich Gerlindes Erfolge, im A1 2 x 1.Platz V0, Jumping 1+2 1 x 3. und 5. Platz,\u00a0am\u00a0ersten Wochenende gefreut. Gutes Training zahlt sich einfach aus!!!!<\/p>\n<p><strong>1. Wochenende<\/strong><\/p>\n<p>Samstag A3<\/p>\n<p><a href=\"http:\/\/www.pudelzucht-jakob.de\/pudelzucht\/wp-content\/uploads\/2011\/08\/wangen-1-we_a3-samstag.jpg\"><img loading=\"lazy\" decoding=\"async\" class=\"alignnone size-medium wp-image-2484\" title=\"wangen-1-we_a3-samstag\" src=\"http:\/\/www.pudelzucht-jakob.de\/pudelzucht\/wp-content\/uploads\/2011\/08\/wangen-1-we_a3-samstag-300x212.jpg\" alt=\"\" width=\"300\" height=\"212\" \/><\/a><\/p>\n<p><strong><a href=\"http:\/\/www.youtube.com\/watch?v=WUZoLOtUSEI\" target=\"_self\">Video<\/a><\/strong><\/p>\n<p>Samstag Jumping 3<\/p>\n<p><a href=\"http:\/\/www.pudelzucht-jakob.de\/pudelzucht\/wp-content\/uploads\/2011\/08\/wangen-1we_j3_samstag.jpg\"><img loading=\"lazy\" decoding=\"async\" class=\"alignnone size-medium wp-image-2485\" title=\"wangen-1we_j3_samstag\" src=\"http:\/\/www.pudelzucht-jakob.de\/pudelzucht\/wp-content\/uploads\/2011\/08\/wangen-1we_j3_samstag-300x212.jpg\" alt=\"\" width=\"300\" height=\"212\" \/><\/a><\/p>\n<p><strong><a href=\"http:\/\/www.youtube.com\/watch?v=DPu4eZ7MROw&amp;feature=related\" target=\"_self\">Video<\/a><\/strong><\/p>\n<p>Samstag Jumping 1+2<\/p>\n<p><strong>Video<\/strong><\/p>\n<p>Sonntag A3<\/p>\n<p><a href=\"http:\/\/www.pudelzucht-jakob.de\/pudelzucht\/wp-content\/uploads\/2011\/08\/wangen-1-we_a3-sonntag.jpg\"><img loading=\"lazy\" decoding=\"async\" class=\"alignnone size-medium wp-image-2486\" title=\"wangen-1-we_a3-sonntag\" src=\"http:\/\/www.pudelzucht-jakob.de\/pudelzucht\/wp-content\/uploads\/2011\/08\/wangen-1-we_a3-sonntag-300x212.jpg\" alt=\"\" width=\"300\" height=\"212\" \/><\/a><\/p>\n<p><strong><a href=\"http:\/\/www.youtube.com\/watch?v=Fx5GsRd3C14&amp;feature=mfu_in_order&amp;list=UL\" target=\"_self\">Video<\/a><\/strong><\/p>\n<p>Sonntag Jumping 3<\/p>\n<p><a href=\"http:\/\/www.pudelzucht-jakob.de\/pudelzucht\/wp-content\/uploads\/2011\/08\/wangen-1we_j3_sonntag.jpg\"><img loading=\"lazy\" decoding=\"async\" class=\"alignnone size-medium wp-image-2487\" title=\"wangen-1we_j3_sonntag\" src=\"http:\/\/www.pudelzucht-jakob.de\/pudelzucht\/wp-content\/uploads\/2011\/08\/wangen-1we_j3_sonntag-300x212.jpg\" alt=\"\" width=\"300\" height=\"212\" \/><\/a><\/p>\n<p><strong><a href=\"http:\/\/www.youtube.com\/watch?v=Q-b8nUTaVxM&amp;feature=mfu_in_order&amp;list=UL\" target=\"_self\">Video<\/a><\/strong><\/p>\n<p><strong>2. Wochenende<\/strong><\/p>\n<p>Samstag A3<\/p>\n<p><a href=\"http:\/\/www.pudelzucht-jakob.de\/pudelzucht\/wp-content\/uploads\/2011\/08\/wangen-2we_a3_samstag.jpg\"><img loading=\"lazy\" decoding=\"async\" class=\"alignnone size-medium wp-image-2488\" title=\"wangen-2we_a3_samstag\" src=\"http:\/\/www.pudelzucht-jakob.de\/pudelzucht\/wp-content\/uploads\/2011\/08\/wangen-2we_a3_samstag-300x212.jpg\" alt=\"\" width=\"300\" height=\"212\" \/><\/a><\/p>\n<p><strong><a href=\"http:\/\/www.youtube.com\/watch?v=sfmsFgLXw9A&amp;feature=mfu_in_order&amp;list=UL\" target=\"_self\">Video<\/a><\/strong><\/p>\n<p>Samstag A2<\/p>\n<p><strong><a href=\"http:\/\/www.youtube.com\/user\/Seewies?gl=DE&amp;hl=de#p\/u\/5\/vR1DwnaZD-g\" target=\"_self\">Video<\/a><\/strong><\/p>\n<p>Samstag Jumping 3<\/p>\n<p><a href=\"http:\/\/www.pudelzucht-jakob.de\/pudelzucht\/wp-content\/uploads\/2011\/08\/wangen-2we_j3_samstag.jpg\"><img loading=\"lazy\" decoding=\"async\" class=\"alignnone size-medium wp-image-2489\" title=\"wangen-2we_j3_samstag\" src=\"http:\/\/www.pudelzucht-jakob.de\/pudelzucht\/wp-content\/uploads\/2011\/08\/wangen-2we_j3_samstag-300x212.jpg\" alt=\"\" width=\"300\" height=\"212\" \/><\/a><\/p>\n<p><a href=\"http:\/\/www.youtube.com\/watch?v=wxxqvSByCVo&amp;feature=autoplay&amp;list=UL9QuydyLWpDM&amp;index=21&amp;playnext=1\" target=\"_self\"><strong>Video<\/strong><\/a><\/p>\n<p>Samstag Jumping 1+2<\/p>\n<p><strong><a href=\"http:\/\/www.youtube.com\/user\/Seewies?gl=DE&amp;hl=de#p\/u\/5\/vR1DwnaZD-g\" target=\"_self\">Video<\/a><\/strong><\/p>\n<p>Sonntag Jumping 3<\/p>\n<p><a href=\"http:\/\/www.pudelzucht-jakob.de\/pudelzucht\/wp-content\/uploads\/2011\/08\/wangen-2we_j3_sonntag.jpg\"><img loading=\"lazy\" decoding=\"async\" class=\"alignnone size-medium wp-image-2490\" title=\"wangen-2we_j3_sonntag\" src=\"http:\/\/www.pudelzucht-jakob.de\/pudelzucht\/wp-content\/uploads\/2011\/08\/wangen-2we_j3_sonntag-300x212.jpg\" alt=\"\" width=\"300\" height=\"212\" \/><\/a><\/p>\n<p><strong><a href=\"http:\/\/www.youtube.com\/watch?v=vR1DwnaZD-g&amp;feature=autoplay&amp;list=UL9QuydyLWpDM&amp;index=21&amp;playnext=3\" target=\"_self\">Video<\/a><\/strong><\/p>\n<p>Sonntag A3<\/p>\n<p><a href=\"http:\/\/www.pudelzucht-jakob.de\/pudelzucht\/wp-content\/uploads\/2011\/08\/wangen-2we_a3_sonntag.jpg\"><img loading=\"lazy\" decoding=\"async\" class=\"alignnone size-medium wp-image-2491\" title=\"wangen-2we_a3_sonntag\" src=\"http:\/\/www.pudelzucht-jakob.de\/pudelzucht\/wp-content\/uploads\/2011\/08\/wangen-2we_a3_sonntag-300x212.jpg\" alt=\"\" width=\"300\" height=\"212\" \/><\/a><\/p>\n<p>die Parcoure wurden von Peter nachgezeichnet!!<\/p>\n<p><strong>&#8212;&#8212;&#8212;&#8212;&#8212;&#8212;&#8212;&#8212;&#8212;&#8212;&#8212;&#8212;&#8212;&#8212;&#8212;&#8212;&#8212;&#8212;&#8212;&#8212;&#8212;&#8212;&#8212;&#8212;<\/strong><\/p>\n<p><strong>Turnier VDP Gruppe F\u00fcrstenfeldbruck 20.08.2011<\/strong><\/p>\n<p><strong><\/strong><\/p>\n<p><em>Richter : Herbert Schiffers<\/em><\/p>\n<p>Nach l\u00e4ngerer Zeit richtete unsere Gruppe wieder ein Agilityturnier aus. Der PSV F\u00fcrstenfeldbruck stellte uns daf\u00fcr ihr Gel\u00e4nde zu Verf\u00fcgung. Bei herrlichem Wetter stellte uns Herbert Schiffers wundersch\u00f6ne Parcoure auf.<\/p>\n<p>Marlon belegte in A2\u00a0 den 2. Platz und im Jumpng 2 den 4. Platz und kam somit auf den 2. Gesamtrang.<\/p>\n<p>Lillyfee belegte in A3 den 11. Platz und im Jumping 3\u00a0den 6. Platz und kam somit auf den 9. Gesamtrang.<\/p>\n<p>Auch hier konnten die beiden nicht ihre gewohnte Leistung zeigen!!!!!!!!!!!!!!!!!!!!<\/p>\n<p><strong>A3<\/strong><\/p>\n<p><a href=\"http:\/\/www.pudelzucht-jakob.de\/pudelzucht\/wp-content\/uploads\/2011\/10\/vdp_a3.jpg\"><img loading=\"lazy\" decoding=\"async\" class=\"alignnone size-medium wp-image-2499\" title=\"vdp_a3\" src=\"http:\/\/www.pudelzucht-jakob.de\/pudelzucht\/wp-content\/uploads\/2011\/10\/vdp_a3-300x212.jpg\" alt=\"\" width=\"300\" height=\"212\" \/><\/a><\/p>\n<p><strong>Jumping 3<\/strong><\/p>\n<p><a href=\"http:\/\/www.pudelzucht-jakob.de\/pudelzucht\/wp-content\/uploads\/2011\/10\/vdp_j3.jpg\"><img loading=\"lazy\" decoding=\"async\" class=\"alignnone size-medium wp-image-2500\" title=\"vdp_j3\" src=\"http:\/\/www.pudelzucht-jakob.de\/pudelzucht\/wp-content\/uploads\/2011\/10\/vdp_j3-300x212.jpg\" alt=\"\" width=\"300\" height=\"212\" \/><\/a><\/p>\n<p>die Parcoure wurden von Peter nachgezeichnet!!!!!!!!!!!<\/p>\n<p>&#8212;&#8212;&#8212;&#8212;&#8212;&#8212;&#8212;&#8212;&#8212;&#8212;&#8212;&#8212;&#8212;&#8212;&#8212;&#8212;&#8212;&#8212;&#8212;&#8212;&#8212;&#8212;&#8212;&#8212;&#8211;<\/p>\n<p><strong>Wochenendturnier 3.\/4. 9.2011 beim HSF Schwandorf<\/strong><\/p>\n<p><em>Richter: Donnerbauer Daniela und Nienkemper Uwe<\/em><\/p>\n<p><em>Richteranw\u00e4rter: Melzner Dieter<\/em><\/p>\n<p>Wir reisten am Freitag an und als wir so um 18:00 Uhr ankamen fanden wir am Parcour nur noch eine kleine L\u00fccke f\u00fcr unser Zelt!! Nicht nur das der Wohnwagen auf hartem Untergrund zu stellen war, wo man so gut wie keinen Hering in den Boden bekam (es gab aber auch sch\u00f6ne Pl\u00e4tze auf dem Rasen&#8230;&#8230;&#8230;&#8230;..), auch lie\u00df die Verplegung sehr\u00a0zu W\u00fcnschen \u00fcbrig!!!!!!!!!!!!!!!!!!!!!!!! Alkoholfreies Bier, oder zu mindestens leichtes Bier gab es \u00fcberhaupt nicht und f\u00fcr Leute, die auf gezuckerte Getr\u00e4nke verzichten m\u00f6chten oder m\u00fcssen, gab es nur Wasser, das aber sehr \u00fcberteuert war!!!!!!!!!!!!!!<\/p>\n<p>Marlon startete am\u00a0Samstag und belegte in A2 den den 2. Platz, Jumping 2 endete mit einem Dis.<\/p>\n<p>Die Parcoure die Udo Nienkemper stellte, waren sch\u00f6n zu f\u00fchren.<\/p>\n<p>Lillyfee hatte am Samstag jeweils ein Dis. Die Parcoure die Daniele Donnerbauer aufstellte waren fast nicht zu l\u00f6sen!!!<\/p>\n<p>Sonntag hatte sie im A3 eine Dis und im Jumping 3 belegte sie den 2. Platz mit V0.<\/p>\n<p>&#8212;&#8212;&#8212;&#8212;&#8212;&#8212;&#8212;&#8212;&#8212;&#8212;&#8212;&#8212;&#8212;&#8212;&#8212;&#8212;&#8212;&#8212;&#8212;&#8212;&#8212;&#8212;&#8212;&#8212;&#8212;&#8212;&#8212;&#8211;<\/p>\n<p><strong>Turnier beim HSV Vilsbiburg am 10.09.2011<\/strong><\/p>\n<p><em>Richter: Herbert Schiffers<\/em><\/p>\n<p>Das erste Turnier das unser BLV-Verein ausrichtete, war alles im allen sehr gelungen. Das Wetter war super, das Essen schmeckte hervorragend und der Richter stellte wie gewohnt tolle Parcoure!!!!<\/p>\n<p>Marlon erreicht im A2 wie im Jumping 2 den 1. Platz und somit auch den 1. Platz im Gesamtrang.<\/p>\n<p>Lillyfee zeigte immer noch nicht die gewohnte Leistung, oder lag es an\u00a0Peter\u00a0der immer noch nicht so frei lief wie gewohnt?<\/p>\n<p>Sie hatten im A3 eine Dis und im Jumping 3 konnten sie den 3. Platz belegen.<\/p>\n<p>&#8212;&#8212;&#8212;&#8212;&#8212;&#8212;&#8212;&#8212;&#8212;&#8212;&#8212;&#8212;&#8212;&#8212;&#8212;&#8212;&#8212;&#8212;&#8212;&#8212;&#8212;&#8212;&#8212;&#8212;&#8212;&#8212;&#8212;-<\/p>\n<p><strong>Turnier bei der RHS Isar am 18.09.2011<\/strong><\/p>\n<p><em>Richter: Nienkemper Udo<\/em><\/p>\n<p>Diesesmal war uns der Wettergott nicht grad hold.\u00a0Ab A2 regnete es ununterbrochen, so das am Ende nicht mehr viel vom Rasen \u00fcbrig geblieben ist. Man konnte sich gar nicht mehr richtig auf den\u00a0Parcour konzentrieren, da man aufpassen mu\u00dfte, dass man nicht im Schlamm stecken blieb. Udo bem\u00fchte sich den Parcour noch einigerma\u00dfen schlamfrei aufzustellen. Die Parcoure an sich selbst waren sch\u00f6n und rund zu laufen.<\/p>\n<p>Marlon belegte im A2 und Jumping2 jeweils den 3. Platz und kam somit auf Platz 3 im Gesamtrang.<\/p>\n<p>Lillyfee\u00a0hatte wegen ihrer L\u00e4ufigkeit auf den Start verzichtet.<\/p>\n<p>&#8212;&#8212;&#8212;&#8212;&#8212;&#8212;&#8212;&#8212;&#8212;&#8212;&#8212;&#8212;&#8212;&#8212;&#8212;&#8212;&#8212;&#8212;&#8212;&#8212;&#8212;&#8212;&#8212;&#8212;&#8212;&#8212;&#8212;&#8211;<\/p>\n<p><strong>Turnier in K\u00f6nigsbrunn am 3.10.2011<\/strong><\/p>\n<p><em>Richter: Daniela Donnerbauer<\/em><\/p>\n<p>K\u00f6nigsbrunn war f\u00fcr uns das letzte Freilandturnier 2011. Da wir die Gelegenheit nutzen um &#8222;unseren&#8220; Becks<\/p>\n<p>so sehen, haben wir den weiten Weg nach K\u00f6nigsbrunn auf uns genommen, wenn es auch hie\u00df um 5:30\u00a0Uhr Abfahrt!!!!!!!!<\/p>\n<p>Auch hier ein gelungenes Turnier. Diesesmal stellte Daniela Donnerbauer sch\u00f6ne laufbare Parcoure. Das Wetter war super und die Verpflegung hervorragend!!<\/p>\n<p>Marlon belegte jeweils im A2 und Jumping 2 den 1. Platz und somit auch den 1. Platz im Gesamtrang.<\/p>\n<p>Lillyfee belegte im A3 den 2. Platz und im Jumping 3 hatten sie ein Dis.<\/p>\n<p>&#8212;&#8212;&#8212;&#8212;&#8212;&#8212;&#8212;&#8212;&#8212;&#8212;&#8212;&#8212;&#8212;&#8212;&#8212;&#8212;&#8212;&#8212;&#8212;&#8212;&#8212;&#8212;&#8212;&#8212;&#8212;&#8212;&#8212;&#8212;-<\/p>\n","protected":false},"excerpt":{"rendered":"<p>Kreisausscheidung der KG 6 bei den Raindogs Regen Richter: Udo Nienkemper nach einer l\u00e4ngeren Turnierpause habe ich mich, mit gemischen Gef\u00fchlen, entschlossen mit Marlon auf der Kreisausscheidung in Regen zu starten. Gerlinde, die bei uns im Garten mittrainiert und in Regen ihren ersten Start hatte, hat uns gegen halb 7 Uhr abgeholt. So fuhren wir, [&hellip;]<\/p>\n","protected":false},"author":2,"featured_media":0,"parent":14,"menu_order":12,"comment_status":"open","ping_status":"open","template":"","meta":{"footnotes":""},"class_list":["post-2320","page","type-page","status-publish","hentry"],"_links":{"self":[{"href":"http:\/\/www.pudelzucht-jakob.de\/pudelzucht\/wp-json\/wp\/v2\/pages\/2320","targetHints":{"allow":["GET"]}}],"collection":[{"href":"http:\/\/www.pudelzucht-jakob.de\/pudelzucht\/wp-json\/wp\/v2\/pages"}],"about":[{"href":"http:\/\/www.pudelzucht-jakob.de\/pudelzucht\/wp-json\/wp\/v2\/types\/page"}],"author":[{"embeddable":true,"href":"http:\/\/www.pudelzucht-jakob.de\/pudelzucht\/wp-json\/wp\/v2\/users\/2"}],"replies":[{"embeddable":true,"href":"http:\/\/www.pudelzucht-jakob.de\/pudelzucht\/wp-json\/wp\/v2\/comments?post=2320"}],"version-history":[{"count":19,"href":"http:\/\/www.pudelzucht-jakob.de\/pudelzucht\/wp-json\/wp\/v2\/pages\/2320\/revisions"}],"predecessor-version":[{"id":2326,"href":"http:\/\/www.pudelzucht-jakob.de\/pudelzucht\/wp-json\/wp\/v2\/pages\/2320\/revisions\/2326"}],"up":[{"embeddable":true,"href":"http:\/\/www.pudelzucht-jakob.de\/pudelzucht\/wp-json\/wp\/v2\/pages\/14"}],"wp:attachment":[{"href":"http:\/\/www.pudelzucht-jakob.de\/pudelzucht\/wp-json\/wp\/v2\/media?parent=2320"}],"curies":[{"name":"wp","href":"https:\/\/api.w.org\/{rel}","templated":true}]}}